{"id":45,"date":"2025-06-27T11:22:36","date_gmt":"2025-06-27T11:22:36","guid":{"rendered":"https:\/\/hunajakulma.fi\/?page_id=45"},"modified":"2026-05-11T09:30:08","modified_gmt":"2026-05-11T07:30:08","slug":"tuotteet","status":"publish","type":"page","link":"https:\/\/hunajakulma.fi\/index.php\/tuotteet\/","title":{"rendered":"Tuotteet"},"content":{"rendered":"\n<div class=\"alignnormal\"><div id=\"metaslider-id-71\" style=\"width: 100%;\" class=\"ml-slider-3-109-0 metaslider metaslider-flex metaslider-71 ml-slider ms-theme-default-base nav-hidden\" role=\"region\" aria-label=\"hunajakulma\" data-height=\"200\" data-width=\"800\">\n    <div id=\"metaslider_container_71\">\n        <div id=\"metaslider_71\">\n            <ul class='slides'>\n                <li style=\"display: block; width: 100%;\" class=\"slide-73 ms-image \" aria-roledescription=\"slide\" data-date=\"2025-07-07 08:50:43\" data-filename=\"Hunajakenno_kuva_pienempi-800x200.jpg\" data-slide-type=\"image\"><img loading=\"lazy\" decoding=\"async\" src=\"https:\/\/hunajakulma.fi\/wp-content\/uploads\/2025\/07\/Hunajakenno_kuva_pienempi-800x200.jpg\" height=\"200\" width=\"800\" alt=\"\" class=\"slider-71 slide-73 msDefaultImage\" title=\"Hunajakenno_kuva_pienempi\" \/><\/li>\n                <li style=\"display: none; width: 100%;\" class=\"slide-75 ms-image \" aria-roledescription=\"slide\" data-date=\"2025-07-07 08:52:52\" data-filename=\"mehilainen5_m-800x200.jpg\" data-slide-type=\"image\"><img loading=\"lazy\" decoding=\"async\" src=\"https:\/\/hunajakulma.fi\/wp-content\/uploads\/2025\/06\/mehilainen5_m-800x200.jpg\" height=\"200\" width=\"800\" alt=\"\" class=\"slider-71 slide-75 msDefaultImage\" title=\"mehilainen5_m\" \/><\/li>\n            <\/ul>\n        <\/div>\n        \n    <\/div>\n<\/div><\/div>\n\n\n\n<p><\/p>\n\n\n\n<p><strong>Hunajat<\/strong><\/p>\n\n\n\n<p>Hunajaa saatavana meilt\u00e4 pehme\u00e4n\u00e4 p\u00e4\u00e4s\u00e4\u00e4nt\u00f6isesti ymp\u00e4ri vuoden. Juoksevaa ja tuoretta uuden sadon hunajaa on saatavilla hein\u00e4-elokuussa. Hunajaa on saatavilla lohkeavana kun uuden sadon hunaja on kiteytynyt. Uuden sadon hunaja siis kiteytyy vapaasti, mutta v\u00e4hitellen t\u00e4ysin juoksevasta hunajasta lohkeavaksi hunajaksi. <br><br>Hunajamme on ker\u00e4tty p\u00e4\u00e4asiassa H\u00e4meenkyr\u00f6n alueelta. P\u00e4\u00e4satokasveina ovat tavallisesti olleet muun muassa mets\u00e4vadelma, rypsi ja erilaiset apilat. Hunajassamme on yleens\u00e4 my\u00f6s muita niittyjen ja metsien kasvien mett\u00e4 kuten esimerkiksi voikukan, maitohorsman ja mustikan.<\/p>\n\n\n\n<p><strong>Pehme\u00e4 hunaja<\/strong><\/p>\n\n\n\n<p>Pehme\u00e4 hunaja vaivataan pehme\u00e4ksi. Siheen ei siis lis\u00e4t\u00e4 mit\u00e4\u00e4n, sit\u00e4 vain sekoitellaan muutaman p\u00e4iv\u00e4n ajan aamuin ja illoin sopivassa l\u00e4mp\u00f6tilassa. N\u00e4in hunajan kiderakenne muokkautuu hienokiteiseksi. N\u00e4in hunaja pysyy edes jokseenkin juoksevana eli pikemminkin &#8221;k\u00e4velev\u00e4n\u00e4&#8221; yleens\u00e4 vuosia.<\/p>\n\n\n\n<p><strong>Uuden sadon hunaja&nbsp; (juoksevaa\/lohkeavaa<\/strong>)<\/p>\n\n\n\n<p>Vastalingottu hunaja, elokuun herkku, uuden sadon hunaja, tuore hunaja \u2013 rakkaalla lapsella on monta nime\u00e4. K\u00e4yt\u00e4nn\u00f6ss\u00e4 juoksevaa vastalingottua hunajaa on saatavilla hein\u00e4-elokuussa hunajan sadonkorjuun aikaan. T\u00e4m\u00e4 hunaja lingotaan ja siivil\u00f6id\u00e4\u00e4n ja pakataan ilman mit\u00e4\u00e4n vaivauksia.<\/p>\n\n\n\n<p><strong>Kaikki suomalainen hunaja kiteytyy ennemmin tai my\u00f6hemmin<\/strong>. Kiteytymisen nopeus riippuu l\u00e4hinn\u00e4 siit\u00e4, mist\u00e4 kasveista hunaja on ker\u00e4tty ja miss\u00e4 l\u00e4mp\u00f6tilassa hunajaa s\u00e4ilytet\u00e4\u00e4n.<\/p>\n\n\n\n<p>Uuden sadon hunaja kiteytyy helposti. Yleens\u00e4 tuore uuden sadon hunaja pysyy juoksevana noin kaksi kuukautta, jos sit\u00e4 s\u00e4ilytet\u00e4\u00e4n huoneenl\u00e4mm\u00f6ss\u00e4. Jos sit\u00e4 s\u00e4ilytet\u00e4\u00e4n noin 15 \u00b0C l\u00e4mp\u00f6tiloissa j\u00e4hmettyy se nopeammin. Esimerkiksi kaupan hyllyll\u00e4 hunajan kiteytymisprosessi nopeutuu, sill\u00e4 ruokakaupoissa l\u00e4mp\u00f6tila on kiteytymiselle otollinen. My\u00f6s hunajan alkuper\u00e4 eli se mist\u00e4 kukista hunaja on ker\u00e4tty vaikuttaa hunajan kiteytymiseen. Hunajan kiteytymiseen voi siis menn\u00e4 muutamasta p\u00e4iv\u00e4st\u00e4 muutamaan vuoteen. Lopulta uuden sadon hunajasta tulee lohkeavaa, koska sit\u00e4 ei ole vaivattu kuten pehme\u00e4\u00e4 hunajaamme.<\/p>\n\n\n\n<p>Jos taas pakastat hunajan, kun se on viel\u00e4 tuoretta, pysyy se juoksevana pidemp\u00e4\u00e4n. K\u00e4yt\u00e4nn\u00f6ss\u00e4 hunaja j\u00e4\u00e4tyy pakastimessa kovaksi, mutta l\u00e4mmetty\u00e4\u00e4n takaisin huoneenl\u00e4mp\u00f6\u00f6n se on taas juoksevaa. Jos siis haluat talvellakin suomalaista juoksevaa hunajaa, jota ei ole l\u00e4mmitetty, pakasta hunajasi elokuussa!<\/p>\n\n\n\n<p><strong>Onko hunajassani vikaa?<\/strong><\/p>\n\n\n\n<p>Hunajia on tuhansia erilaisia. V\u00e4ri, tuoksu ja maku ja koostumus vaihtelevat. Hunajan v\u00e4ri vaihtelee melkein mustasta valkoiseen, ja tuoksu ja maku miedosta tai olemattomasta voimakkaaseen. Hunajan koostumus voi my\u00f6s muuttua ja el\u00e4\u00e4 ajan kanssa t\u00e4ysin juoksevasta t\u00e4ysin kiinte\u00e4\u00e4n.<\/p>\n\n\n\n<p> Hunajan kiteytyminen on monelle tuttu asia. Hunajan h\u00e4rmistyminen voi taas vaikuttaa monesta erikoiselta, vaikka se on merkki hunajan ensiluokkaisesta laadusta. Yleens\u00e4 kiteytynyt tai kiteytyv\u00e4 hunaja voi h\u00e4rmisty\u00e4. Erityisesti uuden sadon hunajaamme voi muodostua valkoista h\u00e4rm\u00e4\u00e4 hunajan pinnalle, sill\u00e4 uuden sadon hunaja kiteytyy helposti.<\/p>\n\n\n\n<p>Lis\u00e4tietoa Suomen mehil\u00e4ishoitajain liiton sivuilta: <a href=\"https:\/\/hunaja.net\/hunajatietoa\/hunaja\/onko-hunajassani-vikaa\/\">https:\/\/hunaja.net\/hunajatietoa\/hunaja\/onko-hunajassani-vikaa\/<\/a><\/p>\n\n\n\n<p><strong>Siitep\u00f6ly<\/strong><\/p>\n\n\n\n<p>Ker\u00e4\u00e4mme siitep\u00f6ly\u00e4 kes\u00e4kuussa ja hein\u00e4kuussa. Siitep\u00f6ly on pakastettu ja kuivattu, ett\u00e4 se s\u00e4ilyy mahdollisimman pitk\u00e4\u00e4n hyv\u00e4n\u00e4. Siitep\u00f6ly sis\u00e4lt\u00e4\u00e4 mm. proteiinia, aminohappoja, B-ryhm\u00e4n vitamiineja, A-, C-, D- ja E-vitamiineja ja kymmeni\u00e4 kivenn\u00e4isaineita. Jokaisella kasvilla on eri v\u00e4rinen siitep\u00f6ly. Siitep\u00f6ly\u00e4 on saatavilla eritt\u00e4in rajoitetusti.<\/p>\n\n\n\n<p><strong>Mehil\u00e4isvahakynttil\u00e4t<\/strong><\/p>\n\n\n\n<p>Hunajakulman mehil\u00e4isvahakynttil\u00e4t ovat k\u00e4sintehtyj\u00e4. Mehil\u00e4isvaha on loistava kynttil\u00e4 materiaali sill\u00e4 se savuttaa eritt\u00e4in v\u00e4h\u00e4n, tuoksuu hyv\u00e4lt\u00e4 ja se on kotimaista.<\/p>\n\n\n\n<p><strong>Hunajamme j\u00e4lleenmyyj\u00e4t<\/strong><\/p>\n\n\n\n<p><strong>H\u00e4meenkyr\u00f6:<\/strong><\/p>\n\n\n\n<p>K-supermarket H\u00e4meenkyr\u00f6<\/p>\n\n\n\n<p>S-market H\u00e4meenkyr\u00f6<\/p>\n\n\n\n<p>S-market Tippavaara<\/p>\n\n\n\n<p><strong>Tampere:<\/strong><\/p>\n\n\n\n<p>Prisma Lielahti<\/p>\n\n\n\n<p>Prisma Koivistonkyl\u00e4 Tampere<\/p>\n\n\n\n<p>S-market Tesoma<\/p>\n\n\n\n<p>S-market Hyhky<\/p>\n\n\n\n<p>S-market Niemenranta<\/p>\n\n\n\n<p><strong>Pirkkala<\/strong>:<\/p>\n\n\n\n<p>Prisma Pirkkala<\/p>\n\n\n\n<p><strong>Nokia:<\/strong><\/p>\n\n\n\n<p>Prisma Nokia<\/p>\n\n\n\n<p><strong>Ikaalinen:<\/strong><\/p>\n\n\n\n<p>S-market Ikaalinen<\/p>\n\n\n\n<p><strong>Parkano:<\/strong><\/p>\n\n\n\n<p>S-market Parkano<\/p>\n\n\n\n<p><strong>Sastamala<\/strong>:<\/p>\n\n\n\n<p>Prisma Sastamala<\/p>\n\n\n\n<p>Mik\u00e4li haluat hunajaamme tai muita tuotteitamme j\u00e4lleenmyyntiin ota rohkeasti yhteytt\u00e4! Voit my\u00f6s ehdottaa meid\u00e4n hunajaa l\u00e4hikauppasi valikoimiin j\u00e4tt\u00e4m\u00e4ll\u00e4 toiveen suoraan l\u00e4hikauppaan.<\/p>\n\n\n\n<p><strong>Mehil\u00e4iset<\/strong><\/p>\n\n\n\n<p>Myymme my\u00f6s itse kasvatettuja kuningattaria ja omista mehil\u00e4isist\u00e4 tehtyj\u00e4 pikkupesi\u00e4 eli jaokkeita. My\u00f6s t\u00e4ysikasvuisia pesi\u00e4 voi olla tarjoolla muutamia vuodessa.<\/p>\n\n\n\n<p>Jos olet kiinnostunut ostamaan mehil\u00e4isi\u00e4 ota meihin yhteytt\u00e4. <a href=\"https:\/\/hunajakulma.fi\/index.php\/yhteystiedot\/\">T\u00e4\u00e4lt\u00e4 l\u00f6yd\u00e4t yhteystietomme.<\/a><\/p>\n","protected":false},"excerpt":{"rendered":"<p>Hunajat Hunajaa saatavana meilt\u00e4 pehme\u00e4n\u00e4 p\u00e4\u00e4s\u00e4\u00e4nt\u00f6isesti ymp\u00e4ri vuoden. Juoksevaa ja tuoretta uuden sadon hunajaa on saatavilla hein\u00e4-elokuussa. Hunajaa on saatavilla [&hellip;]<\/p>\n","protected":false},"author":1,"featured_media":0,"parent":0,"menu_order":0,"comment_status":"closed","ping_status":"closed","template":"","meta":{"site-sidebar-layout":"default","site-content-layout":"","ast-site-content-layout":"default","site-content-style":"default","site-sidebar-style":"default","ast-global-header-display":"","ast-banner-title-visibility":"","ast-main-header-display":"","ast-hfb-above-header-display":"","ast-hfb-below-header-display":"","ast-hfb-mobile-header-display":"","site-post-title":"","ast-breadcrumbs-content":"","ast-featured-img":"","footer-sml-layout":"","ast-disable-related-posts":"","theme-transparent-header-meta":"","adv-header-id-meta":"","stick-header-meta":"","header-above-stick-meta":"","header-main-stick-meta":"","header-below-stick-meta":"","astra-migrate-meta-layouts":"default","ast-page-background-enabled":"default","ast-page-background-meta":{"desktop":{"background-color":"var(--ast-global-color-5)","background-image":"","background-repeat":"repeat","background-position":"center center","background-size":"auto","background-attachment":"scroll","background-type":"","background-media":"","overlay-type":"","overlay-color":"","overlay-opacity":"","overlay-gradient":""},"tablet":{"background-color":"","background-image":"","background-repeat":"repeat","background-position":"center center","background-size":"auto","background-attachment":"scroll","background-type":"","background-media":"","overlay-type":"","overlay-color":"","overlay-opacity":"","overlay-gradient":""},"mobile":{"background-color":"","background-image":"","background-repeat":"repeat","background-position":"center center","background-size":"auto","background-attachment":"scroll","background-type":"","background-media":"","overlay-type":"","overlay-color":"","overlay-opacity":"","overlay-gradient":""}},"ast-content-background-meta":{"desktop":{"background-color":"var(--ast-global-color-4)","background-image":"","background-repeat":"repeat","background-position":"center center","background-size":"auto","background-attachment":"scroll","background-type":"","background-media":"","overlay-type":"","overlay-color":"","overlay-opacity":"","overlay-gradient":""},"tablet":{"background-color":"var(--ast-global-color-4)","background-image":"","background-repeat":"repeat","background-position":"center center","background-size":"auto","background-attachment":"scroll","background-type":"","background-media":"","overlay-type":"","overlay-color":"","overlay-opacity":"","overlay-gradient":""},"mobile":{"background-color":"var(--ast-global-color-4)","background-image":"","background-repeat":"repeat","background-position":"center center","background-size":"auto","background-attachment":"scroll","background-type":"","background-media":"","overlay-type":"","overlay-color":"","overlay-opacity":"","overlay-gradient":""}},"footnotes":""},"class_list":["post-45","page","type-page","status-publish","hentry"],"jetpack_sharing_enabled":true,"_links":{"self":[{"href":"https:\/\/hunajakulma.fi\/index.php\/wp-json\/wp\/v2\/pages\/45","targetHints":{"allow":["GET"]}}],"collection":[{"href":"https:\/\/hunajakulma.fi\/index.php\/wp-json\/wp\/v2\/pages"}],"about":[{"href":"https:\/\/hunajakulma.fi\/index.php\/wp-json\/wp\/v2\/types\/page"}],"author":[{"embeddable":true,"href":"https:\/\/hunajakulma.fi\/index.php\/wp-json\/wp\/v2\/users\/1"}],"replies":[{"embeddable":true,"href":"https:\/\/hunajakulma.fi\/index.php\/wp-json\/wp\/v2\/comments?post=45"}],"version-history":[{"count":19,"href":"https:\/\/hunajakulma.fi\/index.php\/wp-json\/wp\/v2\/pages\/45\/revisions"}],"predecessor-version":[{"id":314,"href":"https:\/\/hunajakulma.fi\/index.php\/wp-json\/wp\/v2\/pages\/45\/revisions\/314"}],"wp:attachment":[{"href":"https:\/\/hunajakulma.fi\/index.php\/wp-json\/wp\/v2\/media?parent=45"}],"curies":[{"name":"wp","href":"https:\/\/api.w.org\/{rel}","templated":true}]}}